+ 0) composite?
True
Let j = 1152404 - 667845. Is j a composite number?
True
Let k = 14 + 10. Let f be (-1)/((-1499)/(-11928) - 3/k). Let a = 4270 + f. Is a a composite number?
True
Suppose 0 = -25*q + 20*q + 140. Suppose -6*v + 10*v - q = 0. Suppose v*x - x - 3798 = 0. Is x a composite number?
True
Suppose 2*l + 3*t = -7392, -5*l = -t + 6978 + 11519. Let j = 8741 + l. Is j prime?
False
Let m be -13*(3 + (-42)/7). Suppose -46*w + m*w + 21077 = 0. Is w a composite number?
False
Is 28380243/(-38)*-2*5/15 a composite number?
False
Suppose 4*y = -5*a - 160, -3*a + 2*y - 56 - 18 = 0. Let k(q) = -137*q - 49. Is k(a) a prime number?
False
Suppose y + 27 = 3*a, y = 3*a + 2*y - 33. Suppose -9*j - a*j + 20843 = 0. Is j composite?
False
Suppose 27 = 2*o + 31. Let h(q) = 350*q**2 - 4*q - 5. Is h(o) a prime number?
False
Is (5 - 7) + 1566225/15 prime?
False
Suppose 0 = -2*c - 10 + 14. Suppose -v = 2*m + c, -v = 3*m - 5*m - 10. Suppose -v*k - 247 = -899. Is k composite?
False
Suppose -328 - 14600 = -48*l. Let o = -128 + 240. Let x = l - o. Is x prime?
True
Let r = 20749 - 20372. Is r prime?
False
Let y = -207147 - -360554. Is y a composite number?
False
Let c = -77 - -242. Is 2 - ((-4414)/30 + 22/c) composite?
False
Let n(f) = -108*f**3 + 10*f**2 - 13*f - 90. Is n(-11) a composite number?
True
Let x = 3559 + 6780. Let v = -5678 + x. Is v prime?
False
Let s(h) = -518*h + 15. Suppose 0*o - 5*l = -2*o, -2*l = -3*o - 11. Is s(o) a composite number?
True
Let s(w) = -18*w + 31. Let j = 202 + -204. Is s(j) a composite number?
False
Suppose 5*q + 1 = -5*f - 14, 3*q - 5*f + 33 = 0. Let b be (q - 59/(-3))*27/(-1). Let z = 656 + b. Is z composite?
True
Let k = 102768 + 981455. Suppose k = 23*f - 164654. Is f a composite number?
True
Let o(r) = -198*r**3 + r**2 + 36*r + 166. Is o(-11) a prime number?
True
Suppose 9*w + 2149319 = 13*w - n, 5*w = 3*n + 2686640. Is w a prime number?
True
Suppose 0 = 7*n - n - 66. Is (-11945)/(-4) - n*8/352 a prime number?
False
Let g be 1*((-1)/3 + 70/21). Suppose -4*h = g*f - 96, h + 4*f - 6 = 18. Suppose 20*i - h*i = -136. Is i prime?
False
Suppose 2927 = -3*i + 12272. Suppose 14*g + 1225 = i. Suppose -5*o + 2650 = -g. Is o composite?
False
Suppose -3*o + 5*o = -10, 2*g = -o + 2701. Suppose -s + 0*v + g = 4*v, 3*v = -3*s + 4095. Is s a prime number?
False
Let n = 484341 - 257810. Is n prime?
True
Suppose -9*g + 4*g = 5*h - 508180, 2*g - 4*h - 203254 = 0. Is g a prime number?
False
Let v be (20/(-12))/(4/(-12)). Let o be 2/(-16) - (-17)/8. Suppose 3*h + v*r - 2098 = h, -o*r = h - 1049. Is h a prime number?
True
Let c = -99 - -107. Let b = -13 + c. Is b/((-3 - -4 - 2)/593) prime?
False
Suppose -54*j = -5417419 - 4739675 - 4737564. Is j a prime number?
True
Suppose 36 = 4*u - 5*r, -5*u - 5*r = -3*u + 12. Let v(g) = u*g**2 - 5*g**2 + 25*g**3 + 135*g**3. Is v(1) a prime number?
False
Let f be (-44 - -3385)*3/1. Suppose 24*z - f = 18609. Is z a composite number?
False
Let k(a) be the third derivative of a**4/4 + 13*a**3/3 + 29*a**2. Let y be k(-6). Is (-11386)/(-8) - (y/(-8) - 1) a prime number?
True
Is ((-1)/4*(-5 + 589017))/(2/(-6)) prime?
False
Let i(c) = 9*c**2 + 116*c + 480. Is i(-93) composite?
True
Let a(m) = m**3 + m**2 - m. Let f(t) = 6*t**3 + 2*t**2 + 7*t + 1. Let c(n) = -a(n) + f(n). Suppose -2*q - 28 = -40. Is c(q) composite?
True
Let s(j) = -j**3 + 3*j - 39. Let w be s(-11). Is w*((-9)/(-1))/9 a composite number?
False
Let p = 222 + -222. Suppose 2*l = -p*m + 5*m - 79, -3*m - 4*l + 37 = 0. Is m prime?
False
Let y(b) = -8*b**2 + 6*b**3 + 4 - 5*b**3 + 7*b + 0*b. Let m be y(7). Suppose 5*o - 2079 = -m*r, -o - 3*r = 3*o - 1664. Is o a prime number?
True
Let j = 10 - 5. Suppose j*n - 4131 = -4*n. Let k = -236 + n. Is k a composite number?
False
Suppose -7*n = 4*n - 22. Suppose -n*k = 3*k - 10, -4*k = 4*t - 108. Suppose -t = 5*v, -4*f + 4*v - 26 = -1050. Is f a prime number?
True
Let n(x) = -x**3 - 9*x**2 - 11*x + 11. Let o(f) = -8*f**2 + f + 6*f + 7*f**2. Let h be o(8). Is n(h) a composite number?
True
Suppose 2*c = -3*b + 4 - 0, -b - c = 0. Suppose q = -b*j - 54, 4*j + 5*q - 52 = 7*j. Let w(x) = 5*x**2 - 31*x - 15. Is w(j) composite?
False
Let o(w) = 7*w - 2. Let j be o(1). Suppose f + 2*q + 18 = 4*f, 0 = j*f + 5*q - 5. Suppose f*p = 45 + 31. Is p composite?
False
Suppose 2*l - 716554 = -4*g, -3*l - 505546 = 5*g - 1401236. Is g a prime number?
False
Let a = 2437 + -1426. Suppose l + a = 4646. Is l a composite number?
True
Let m = 409216 + -285533. Is m composite?
True
Is (-35470 - (-18 + 6))/(-2) prime?
True
Is (-2 - 67536)*(780/40 - 23) a composite number?
True
Let d be 11/(-69)*-12 + (-4)/(-46). Suppose 3*q + v = 11456, -v = -d*q - 6*v + 7659. Is q composite?
True
Let l(g) = -69*g**2 + 16*g + 40. Let m(o) = -o**2 + o + 1. Let i(q) = -l(q) + 2*m(q). Is i(-7) prime?
True
Let l(s) = 312*s**2 + s - 15. Let h be l(7). Suppose -4*q - 4*g = -h, q - 4*g - 5661 = -1836. Is q a composite number?
False
Let h(m) = m**3 + 2*m**2 - 2*m - 3. Let g be h(-1). Suppose g = -40*k + 36*k + 282860. Is k a composite number?
True
Let v be (-5 - -5)/((-2*2)/(-1)). Suppose 0 = -v*d + 2*d + 2. Is d*(-1064 + 6*3/6) composite?
False
Let v = -31 - -72. Suppose -v*d - 217870 = -51*d. Is d composite?
False
Suppose -68650402 + 361868 = -239*z + 16485005. Is z a prime number?
True
Let t = -66 - -66. Suppose t = 4*i + 21 - 45. Suppose -i*a = -27*a + 21861. Is a prime?
False
Suppose -16615587 = -139*x + 24649204. Is x a prime number?
False
Let d be ((-3214)/3)/(116/(-9570)). Is 3/((-54)/(-4)) + d/99 a composite number?
True
Let i(r) = -5*r**2 - 12*r - 15. Let d(m) = -m**2 + 19*m - 24. Let o be d(18). Let n(t) = -11*t**2 - 25*t - 31. Let q(v) = o*n(v) + 13*i(v). Is q(-14) composite?
False
Let c = -95 + 179. Suppose -2*f - c = -9*f. Is 307*-9*(-4)/f a prime number?
False
Suppose -3*m + 16529 = 13*h - 9*h, 2*m - h = 11001. Is m a prime number?
True
Suppose -5*t - 8*n + 373260 = -3*n, -t + 74658 = -5*n. Is t prime?
True
Suppose 16*f + f - 34 = 0. Let r(b) = 2 + 0*b + 372*b**f + 371*b**2 - b + 419*b**2. Is r(1) prime?
True
Suppose 2 = -5*b + 4*d, -4 = -4*d + 6*d. Is (-3)/b - (-35955)/90 prime?
True
Suppose 0 = 37*w - 25*w + 6252. Is w/((9/3)/(-57)) prime?
False
Let u = -21 - -24. Let x(p) = -u + 4*p + p**2 + 6*p**3 + 49*p**3 + 0 + 0*p. Is x(2) composite?
False
Let k(y) = -4*y**3 - 22*y**2 + 10*y + 875. Is k(-31) prime?
False
Suppose d + f = -5428, -12*f - 16304 = 3*d - 13*f. Let z = d + 9902. Is z prime?
False
Let y = 92707 + -63060. Is y composite?
True
Suppose -3*k + 891378 = 3*m, -274*k = 2*m - 279*k - 594301. Is m prime?
True
Suppose -192*r - 5*q + 2426030 = -187*r, 4*r = q + 1940799. Is r a composite number?
False
Let j = 9 - 10. Is j/(7 - 3 - 3)*-1709 composite?
False
Let o(r) be the second derivative of 41*r**3/6 - 2*r**2 - 16*r. Suppose -4*j - 7 = -11*j. Is o(j) prime?
True
Suppose 2*g - 4*g = -2*k + 64, 2*k + 5*g - 50 = 0. Suppose -k*j - 13758 = -36*j. Is j a composite number?
False
Is (-12)/36 - ((-1408)/6)/(1/542) prime?
True
Let u(h) = h**3 - 15*h**2 + 17*h - 11. Let d be u(14). Let j = -57 - -63. Suppose j*v - 5*v = d. Is v a prime number?
True
Let l(c) = c**3 + 7*c**2 + 13*c + 14. Let q be l(-5). Is 626 + 1 + q + 5 composite?
False
Let i be -13530 - 2/10*5. Suppose -d - 5929 - 3401 = 0. Let v = d - i. Is v composite?
False
Suppose 0 = 2*f + 2*h - 175322, 0 = -167*f + 172*f + h - 438313. Is f a prime number?
False
Suppose -197*u + 196*u = -11. Is u/((-110)/(-16860)) - -1*5 prime?
False
Let x(l) = 24159*l + 1493. Is x(20) prime?
False
Let u(g) = 100126*g**2 + 14*g - 13. Is u(1) a composite number?
True
Is 50154906/314 + -2*1 composite?
True
Suppose 182 - 236 = -6*f. Suppose 0 = 2*o - 8, 5*y + 5*o = f*y - 36992. Is y prime?
False
Let k = 794 + -1482. Let s = k + 2202. Is s a composite number?
True
Is 28126 - ((-52)/(-4) - 29) a prime number?
False
Let w be ((-189)/15)/(3/(-105)). Suppose 0*s - 4*v - 886 = -2*s, -3*v - w = -s. Suppose s = -16*i + 19*i. Is i a composite number?
False
Let a(r) = -276*r + 135. Let v be a(-6). Suppose 0 = -16*n + 241 + v. Is n a composite number?
False
Suppose -1677*i - 57826324 = -1769*i. Is i a prime number?
True
Let v(q) = 231*q**2 - 19*q - 60. Let x be v(-8). Suppose 243*t - 247*t = -x. Is t a composite number?
False
Let r 